10?
1001110101100
In base 12, what is 390b32 + -1?
390b31
In base 8, what is 16 + -162237?
-162221
In base 6, what is -2 + -451501?
-451503
In base 16, what is -167 + 2298?
2131
In base 10, what is -25994 + -5?
-25999
In base 2, what is -1101110010001011 - 11101?
-1101110010101000
In base 14, what is -1a70 - -b3?
-199b
In base 13, what is 3 - 51a?
-517
In base 5, what is 243402331 - -4?
243402340
In base 13, what is -3 + -261863?
-261866
In base 11, what is 4 + -561a?
-5616
In base 13, what is 1 - 1786?
-1785
In base 6, what is -13 + 142412?
142355
In base 6, what is -1443 - 2?
-1445
In base 15, what is -4b + -d2a?
-d76
In base 9, what is 2 + 1433726?
1433728
In base 4, what is -3110030 - -10?
-3110020
In base 11, what is 2431 + 43?
2474
In base 6, what is -124001 - -1223?
-122334
In base 16, what is 2 - 4d86?
-4d84
In base 9, what is -57735 - 0?
-57735
In base 5, what is -1 + -1203030?
-1203031
In base 3, what is -210 + 2002001200?
2002000220
In base 4, what is -313 + 120210?
113231
In base 4, what is 21 + -1300311?
-1300230
In base 16, what is 314c4 - 2?
314c2
In base 13, what is 8 - -64a9?
64b4
In base 15, what is 123e8c - 2?
123e8a
In base 5, what is -4103222 + 2?
-4103220
In base 2, what is 100000100011110111 - 1010?
100000100011101101
In base 5, what is -33303 + -1113?
-34421
In base 8, what is -65563 + 6?
-65555
In base 16, what is -4 + -71e6?
-71ea
In base 3, what is -1002102010002 - -10?
-1002102002222
In base 12, what is -2a - 24873?
-248a1
In base 12, what is -b5ab7 - 0?
-b5ab7
In base 9, what is -5083 - 17?
-5111
In base 7, what is 46445 - 54?
46361
In base 2, what is -1011110001111 - 111111110?
-1100110001101
In base 16, what is 0 + 2fa9?
2fa9
In base 11, what is -61 + -24?
-85
In base 11, what is 13 - -4589a?
45902
In base 15, what is -2 - -7ec1?
7ebe
In base 6, what is -1455304 - -4?
-1455300
In base 16, what is 2f6f - 6?
2f69
In base 16, what is 3 - -24981?
24984
In base 9, what is 1167 + -87?
1070
In base 10, what is -35 - 10863?
-10898
In base 14, what is 18119 + 2?
1811b
In base 7, what is 542353 - 0?
542353
In base 8, what is -11113676 - 0?
-11113676
In base 12, what is 2 - bba?
-bb8
In base 8, what is -10135 - -164?
-7751
In base 13, what is -1298 - -29?
-126c
In base 8, what is 161 - -77?
260
In base 5, what is -112002 - -4?
-111443
In base 11, what is -121 + a01?
890
In base 12, what is 193 + -46?
149
In base 12, what is 15b64 - -5?
15b69
In base 8, what is -131 + 3511?
3360
In base 10, what is 0 - 24909?
-24909
In base 6, what is 1452522 - 4?
1452514
In base 4, what is -121 - 130033?
-130220
In base 5, what is 30130 + -1203?
23422
In base 9, what is 2 - -3655244?
3655246
In base 9, what is -83080 + 3?
-83076
In base 2, what is -10 - 11100101011100011?
-11100101011100101
In base 3, what is 101210011 + 20102?
102000120
In base 8, what is 4 - 23556?
-23552
In base 7, what is 253116 - -2?
253121
In base 7, what is 23516 + -4?
23512
In base 14, what is -11d89 + -5?
-11d90
In base 6, what is 5 - -111340?
111345
In base 2, what is 1110001100111011 + -101?
1110001100110110
In base 10, what is 43000 + 11?
43011
In base 7, what is 3 - 363233?
-363230
In base 6, what is -101333 + -55?
-101432
In base 6, what is -3 - -3442542?
3442535
In base 9, what is -313 + 576?
263
In base 8, what is -242 + -5253?
-5515
In base 13, what is -4 + -32bc9?
-32c00
In base 7, what is 1601 + -23?
1545
In base 3, what is -2 + -110001121102?
-110001121111
In base 7, what is 415 + -11023?
-10305
In base 7, what is -4 + -213244?
-213251
In base 2, what is -10111 - 1101110010?
-1110001001
In base 10, what is 14698 - -19?
14717
In base 8, what is 7 - -104512?
104521
In base 15, what is d - -37a?
388
In base 15, what is -322 + -3d1?
-703
In base 14, what is -1 + b733?
b732
In base 2, what is -110010 + 111100000?
110101110
In base 4, what is -221200102 + -3?
-221200111
In base 8, what is 13 - 152356?
-152343
In base 15, what is 4cccb6 + 0?
4cccb6
In base 6, what is 2545500 + 4?
2545504
In base 13, what is -4 - -7204?
7200
In base 15, what is 897a + -2?
8978
In base 8, what is -312 + -2?
-314
In base 8, what is 140 + 1141?
1301
In base 3, what is 0 - -2101102010?
2101102010
In base 5, what is -1113430 + 3?
-1113422
In base 12, what is -a7 + 9?
-9a
In base 3, what is -20122020 - -11?
-20122002
In base 16, what is 22 - 6cd?
-6ab
In base 5, what is -422 - -21033?
20111
In base 9, what is 3 - 28852?
-28848
In base 5, what is 4021140 - 2?
4021133
In base 12, what is 1977 - 197?
17a0
In base 5, what is -1013033 + 3?
-1013030
In base 7, what is -331 - -104512?
104151
In base 3, what is 10100202102 - 10?
10100202022
In base 10, what is 1097 + 1865?
2962
In base 7, what is -21010 + 31?
-20646
In base 13, what is -11 + -8b?
-9c
In base 10, what is -46 + 43380?
43334
In base 12, what is -14972 + -3?
-14975
In base 4, what is 2 - 3120300?
-3120232
In base 4, what is 2 + 3110211?
3110213
In base 13, what is 3 - -10b242?
10b245
In base 14, what is 368 + -2d8?
70
In base 14, what is 43820a + -5?
438205
In base 12, what is -1562a + -1?
-1562b
In base 16, what is -b02 + -d?
-b0f
In base 4, what is -2222021011 + -11?
-2222021022
In base 4, what is 1010230 - -22?
1010312
In base 9, what is 8 - 45378?
-45370
In base 16, what is -4f - 682?
-6d1
In base 6, what is -3 + 42020314?
42020311
In base 16, what is 4e - -5c2?
610
In base 16, what is 2c + 1077?
10a3
In base 16, what is -d0 + -b4?
-184
In base 12, what is -4ba6 - 11?
-4bb7
In base 8, what is -10 + -1114?
-1124
In base 5, what is 11 + -200424?
-200413
In base 7, what is 1625 - -4?
1632
In base 5, what is 42142 - 24?
42113
In base 13, what is -58 - 318?
-373
In base 13, what is -735 - 128?
-860
In base 5, what is -2444 - 2441?
-10440
In base 3, what is -1011022002212 + 0?
-1011022002212
In base 5, what is 10 - 13404?
-13344
In base 16, what is -1dce + -1?
-1dcf
In base 11, what is 1810a43 + -1?
1810a42
In base 12, what is 1066ab + -2?
1066a9
In base 10, what is -10220 + -17?
-10237
In base 2, what is -101010011110 - 1011?
-101010101001
In base 5, what is -130134 - 1221?
-131410
In base 12, what is -3 + 537?
534
In base 14, what is -313b + 16?
-3125
In base 2, what is -11101010111000100000 + 1?
-11101010111000011111
In base 6, what is 242501205 + 1?
242501210
In base 4, what is 22320302203 - 3?
22320302200
In base 4, what is 2 - -1121211?
1121213
In base 13, what is -12315 - -3?
-12312
In base 14, what is -324c8 - -a?
-324bc
In base 9, what is -7 - -233684?
233676
In base 11, what is 4 + a2354?
a2358
In base 15, what is -98 + 1d6?
13d
In base 6, what is -22 - 12244?
-12310
In base 15, what is 526 + 28?
54e
In base 11, what is 3 + 41?
44
In base 4, what is 103 + -111210?
-111101
In base 3, what is -102 + -111011020?
-111011122
In base 15, what is -3123 + -15?
-3138
In base 14, what is 87 + -1a5d?
-19b6
In base 9, what is -5 - 27822?
-27827
In base 14, what is 1 + 11704?
11705
In base 12, what is 4b87 + 51?
5018
In base 11, what is 895 + 598?
1382
In base 11, what is -345 + -792?
-1027
In base 5, what is -13 - 2420?
-2433
In base 14, what is -94db - 26?
-9523
In base 2, what is 10000011 + 1011011?
11011110
In base 10, what is 279 - 89?
190
In base 12, what is 2 + -30262?
-30260
In base 16, what is 2b22 + 2?
2b24
In base 8, what is 22 - 64704?
-64662
In base 9, what is -412 + -255?
-667
In base 16, what is -7 + aa3?
a9c
In base 9, what is 3 + 130676?
130680
In base 9, what is 112 - -2312?
2424
In base 3, what is -2 + -1211001?
-1211010
In base 14, what is -4 - -1d45?
1d41
In base 16, what is 154e - 23?
152b
In base 10, what is 482 + -267?
215
In base 14, what is -c + da8c?
da80
In base 5, what is -2 - 323443?
-324000
In base 13, what is -5c4 + 2013?
171c
In base 8, what is -16275 + -147?
-16444
In base 14, what is 3 - 1119b?
-11198
In base 6, what is 11 + -22235?
-22224
In base 15, what is -8 + a216?
a20d
In base 12, what is -6 - -41600?
415b6
In base 16, what is 4 - -4f9d?
4fa1
In base 14, what is b50 + 17?
b67
In base 4, what is 2222101 + -22?
2222013
In base 14, what is d - -29d5?
2a04
In base 6, what is -3 - -42242?
42235
In base 12, what is 1a00 + -5?
19b7
In base 9, what is -131 - 1033?
-1164
In base 10, what is -27 + -13390?
-13417
In base 7, what is 5 + 52511?
52516
In base 13, what is b957 + -164?
b7c3
In base 11, wh